nder when 403442051 is divided by 39?
38
Calculate the remainder when 38998 is divided by 727.
467
Calculate the remainder when 264207182 is divided by 117897.
5
What is the remainder when 8758496 is divided by 2919493?
17
Calculate the remainder when 16566 is divided by 4019.
490
Calculate the remainder when 3063457 is divided by 1021150.
7
Calculate the remainder when 246724276 is divided by 1026.
4
What is the remainder when 9536217 is divided by 930?
927
What is the remainder when 1477293 is divided by 72?
69
Calculate the remainder when 2598340 is divided by 7158.
7144
Calculate the remainder when 31132336 is divided by 4529.
4519
Calculate the remainder when 189531 is divided by 131.
105
What is the remainder when 20775 is divided by 4464?
2919
Calculate the remainder when 25644 is divided by 377.
8
What is the remainder when 3249369 is divided by 36104?
9
Calculate the remainder when 2165156 is divided by 428.
332
What is the remainder when 49136 is divided by 173?
4
What is the remainder when 60735777 is divided by 266?
263
Calculate the remainder when 416713 is divided by 138768.
409
What is the remainder when 1057345 is divided by 245?
170
Calculate the remainder when 23824 is divided by 11822.
180
What is the remainder when 866598 is divided by 48086?
1050
Calculate the remainder when 8688967 is divided by 5.
2
What is the remainder when 397268 is divided by 7775?
743
What is the remainder when 89645 is divided by 1994?
1909
Calculate the remainder when 440981 is divided by 440683.
298
Calculate the remainder when 31672669 is divided by 328.
5
What is the remainder when 131364 is divided by 6431?
2744
Calculate the remainder when 215400349 is divided by 6176.
6173
What is the remainder when 1095047 is divided by 7394?
735
Calculate the remainder when 975246932 is divided by 8.
4
Calculate the remainder when 744466 is divided by 5.
1
What is the remainder when 393735 is divided by 6560?
135
Calculate the remainder when 1643007 is divided by 43237.
1
Calculate the remainder when 4440860 is divided by 441.
431
Calculate the remainder when 209155327 is divided by 3960.
7
Calculate the remainder when 2719049 is divided by 249.
218
What is the remainder when 939020 is divided by 15650?
20
What is the remainder when 36048 is divided by 5087?
439
What is the remainder when 4517421 is divided by 216?
213
Calculate the remainder when 1915037 is divided by 626.
103
What is the remainder when 1379541 is divided by 1252?
1089
What is the remainder when 3155073 is divided by 26?
25
What is the remainder when 116169224 is divided by 43?
37
Calculate the remainder when 814041 is divided by 127.
98
Calculate the remainder when 276042 is divided by 4219.
1807
What is the remainder when 246826 is divided by 2019?
508
What is the remainder when 86136578 is divided by 747?
8
What is the remainder when 141287 is divided by 353?
87
What is the remainder when 104180 is divided by 3869?
3586
Calculate the remainder when 509971 is divided by 2914.
21
Calculate the remainder when 8388913 is divided by 15.
13
Calculate the remainder when 805825 is divided by 99.
64
What is the remainder when 222077 is divided by 95?
62
What is the remainder when 3896102 is divided by 77921?
52
What is the remainder when 6484169 is divided by 2161386?
11
What is the remainder when 119434 is divided by 289?
77
Calculate the remainder when 28919 is divided by 794.
335
What is the remainder when 5860940 is divided by 976823?
2
What is the remainder when 12049 is divided by 3472?
1633
Calculate the remainder when 4480776 is divided by 1120192.
8
Calculate the remainder when 886743 is divided by 918.
873
What is the remainder when 324075 is divided by 1761?
51
Calculate the remainder when 22210448 is divided by 92.
84
What is the remainder when 86426 is divided by 28749?
179
Calculate the remainder when 36442 is divided by 4049.
1
Calculate the remainder when 340353 is divided by 20020.
13
What is the remainder when 113942 is divided by 762?
404
What is the remainder when 3278322 is divided by 364257?
9
What is the remainder when 77082899 is divided by 10638?
10589
What is the remainder when 39812972 is divided by 4572?
4568
What is the remainder when 1699197 is divided by 36143?
476
Calculate the remainder when 808407 is divided by 414.
279
What is the remainder when 711006 is divided by 40?
6
Calculate the remainder when 11998327 is divided by 11998287.
40
What is the remainder when 4172780 is divided by 298054?
24
What is the remainder when 1359077 is divided by 563?
558
What is the remainder when 84228 is divided by 3243?
3153
Calculate the remainder when 343530 is divided by 110169.
13023
What is the remainder when 456560640 is divided by 7?
4
Calculate the remainder when 29338 is divided by 4624.
1594
What is the remainder when 47921 is divided by 47651?
270
What is the remainder when 436090 is divided by 48452?
22
What is the remainder when 1137920 is divided by 568927?
66
What is the remainder when 16946943 is divided by 16946911?
32
What is the remainder when 1024836 is divided by 51241?
16
What is the remainder when 7919471 is divided by 719945?
76
What is the remainder when 3075904 is divided by 98?
76
What is the remainder when 33435 is divided by 4398?
2649
Calculate the remainder when 3303196 is divided by 100.
96
Calculate the remainder when 180949 is divided by 1757.
1735
What is the remainder when 170642130 is divided by 95?
90
Calculate the remainder when 80596 is divided by 135.
1
Calculate the remainder when 228274 is divided by 4658.
32
What is the remainder when 4538603 is divided by 16094?
95
What is the remainder when 15029604 is divided by 1735?
1034
What is the remainder when 43134 is divided by 227?
4
Calculate the remainder when 549312 is divided by 1340.
1252
What is the remainder when 20717 is divided by 1145?
107
What is the remainder when 200413579 is divided by 6262924?
11
What is the remainder when 28181749 is divided by 1198?
1195
What is the remainder when 80106893 is divided by 94?
93
Calculate the remainder when 57920 is divided by 9602.
308
What is the remainder when 824958 is divided by 3210?
3198
Calculate the remainder when 270176825 is divided by 86.
85
Calculate the remainder when 8835220 is divided by 1767043.
5
What is the remainder when 2738996817 is divided by 1020?
1017
What is the remainder when 158588 is divided by 1571?
1488
Calculate the remainder when 1440381 is divided by 13.
7
Calculate the remainder when 225871082 is divided by 14.
10
What is the remainder when 3190498 is divided by 21?
10
Calculate the remainder when 96640738 is divided by 45.
43
What is the remainder when 12356759 is divided by 534?
533
Calculate the remainder when 163980 is divided by 54517.
429
Calculate the remainder when 100623 is divided by 446.
273
What is the remainder when 528769 is divided by 3303?
289
Calculate the remainder when 678516 is divided by 10127.
7
What is the remainder when 6354278 is divided by 2271?
20
Calculate the remainder when 8220090 is divided by 73.
71
What is the remainder when 1279036 is divided by 135?
46
What is the remainder when 567197 is divided by 561?
26
What is the remainder when 68261802 is divided by 3133?
3131
Calculate the remainder when 61542 is divided by 15339.
186
Calculate the remainder when 73858 is divided by 73458.
400
What is the remainder when 3257706 is divided by 1995?
1866
What is the remainder when 156290 is divided by 156189?
101
Calculate the remainder when 785149 is divided by 1130.
929
What is the remainder when 27478417 is divided by 1944?
1921
Calculate the remainder when 418406 is divided by 217.
30
What is the remainder when 173179280 is divided by 5093508?
8
Calculate the remainder when 14063 is divided by 132.
71
Calculate the remainder when 1028692 is divided by 118.
86
What is the remainder when 6479093 is divided by 99678?
23
What is the remainder when 759938 is divided by 148?
106
What is the remainder when 17525774 is divided by 4381441?
10
Calculate the remainder when 2360860 is divided by 724.
620
Calculate the remainder when 323385 is divided by 161229.
927
What is the remainder when 1304571 is divided by 3749?
3668
What is the remainder when 75784 is divided by 3626?
3264
Calc